Nov 30 21:38:22.535 INFO testing vivainio/rraf against master#8940af3cea4a9a9deabcaf843b2f8cad9a83fc61 for beta-1.31-5
Nov 30 21:38:22.536 INFO running `"docker" "create" "-v" "/mnt/big/crater/work/local/target-dirs/beta-1.31-5/worker-4/master#8940af3cea4a9a9deabcaf843b2f8cad9a83fc61:/target:rw,Z" "-v" "/mnt/big/crater/work/local/test-source/worker-4/beta-1.31-5/master#8940af3cea4a9a9deabcaf843b2f8cad9a83fc61:/source:ro,Z" "-v" "/mnt/big/crater/work/local/cargo-home:/cargo-home:ro,Z" "-v" "/mnt/big/crater/work/local/rustup-home:/rustup-home:ro,Z" "-e" "USER_ID=1000" "-e" "SOURCE_DIR=/source" "-e" "USER_ID=1000" "-e" "CMD=cargo +8940af3cea4a9a9deabcaf843b2f8cad9a83fc61-alt build --frozen" "-e" "CARGO_TARGET_DIR=/target" "-e" "CARGO_INCREMENTAL=0" "-e" "RUST_BACKTRACE=full" "-e" "RUSTFLAGS=--cap-lints=warn" "-e" "CARGO_HOME=/cargo-home" "-e" "RUSTUP_HOME=/rustup-home" "-m" "1536M" "--network" "none" "crater"`
Nov 30 21:38:22.943 INFO [stdout] cacb969c28ee71b691207a5dff28af95cfacbb1610207b182ba193255bd171e1
Nov 30 21:38:22.945 INFO running `"docker" "start" "-a" "cacb969c28ee71b691207a5dff28af95cfacbb1610207b182ba193255bd171e1"`
Nov 30 21:38:24.615 INFO [stderr] usermod: no changes
Nov 30 21:38:24.747 INFO [stderr]    Compiling walkdir v0.1.8
Nov 30 21:38:26.304 INFO [stderr]    Compiling rraf v1.0.1 (/source)
Nov 30 21:38:26.684 INFO [stderr] warning: unused import: `std::str::FromStr`
Nov 30 21:38:26.684 INFO [stderr]  --> src/winhandle.rs:4:5
Nov 30 21:38:26.684 INFO [stderr]   |
Nov 30 21:38:26.684 INFO [stderr] 4 | use std::str::FromStr;
Nov 30 21:38:26.684 INFO [stderr]   |     ^^^^^^^^^^^^^^^^^
Nov 30 21:38:26.684 INFO [stderr]   |
Nov 30 21:38:26.686 INFO [stderr]   = note: #[warn(unused_imports)] on by default
Nov 30 21:38:26.686 INFO [stderr] 
Nov 30 21:38:26.836 INFO [stderr] warning: unused variable: `o`
Nov 30 21:38:26.836 INFO [stderr]   --> src/winhandle.rs:16:7
Nov 30 21:38:26.836 INFO [stderr]    |
Nov 30 21:38:26.836 INFO [stderr] 16 |         let o = Command::new("handle")
Nov 30 21:38:26.836 INFO [stderr]    |             ^ help: consider using `_o` instead
Nov 30 21:38:26.836 INFO [stderr]    |
Nov 30 21:38:26.836 INFO [stderr]    = note: #[warn(unused_variables)] on by default
Nov 30 21:38:26.836 INFO [stderr] 
Nov 30 21:38:26.872 INFO [stderr] warning: field is never used: `file_name`
Nov 30 21:38:26.872 INFO [stderr]   --> src/winhandle.rs:10:2
Nov 30 21:38:26.872 INFO [stderr]    |
Nov 30 21:38:26.872 INFO [stderr] 10 |     file_name: String
Nov 30 21:38:26.872 INFO [stderr]    |     ^^^^^^^^^^^^^^^^^
Nov 30 21:38:26.872 INFO [stderr]    |
Nov 30 21:38:26.872 INFO [stderr]    = note: #[warn(dead_code)] on by default
Nov 30 21:38:26.872 INFO [stderr] 
Nov 30 21:38:26.872 INFO [stderr] warning: function is never used: `dump_named_captures`
Nov 30 21:38:26.872 INFO [stderr]   --> src/winhandle.rs:29:1
Nov 30 21:38:26.872 INFO [stderr]    |
Nov 30 21:38:26.872 INFO [stderr] 29 | fn dump_named_captures(cs: &Captures) {
Nov 30 21:38:26.872 INFO [stderr]    | ^^^^^^^^^^^^^^^^^^^^^^^^^^^^^^^^^^^^^
Nov 30 21:38:26.872 INFO [stderr] 
Nov 30 21:38:26.879 INFO [stderr] warning: unused `std::result::Result` that must be used
Nov 30 21:38:26.879 INFO [stderr]    --> src/main.rs:157:13
Nov 30 21:38:26.879 INFO [stderr]     |
Nov 30 21:38:26.879 INFO [stderr] 157 |             fs::remove_dir_all(path);
Nov 30 21:38:26.879 INFO [stderr]     |             ^^^^^^^^^^^^^^^^^^^^^^^^^
Nov 30 21:38:26.879 INFO [stderr]     |
Nov 30 21:38:26.879 INFO [stderr]     = note: #[warn(unused_must_use)] on by default
Nov 30 21:38:26.879 INFO [stderr]     = note: this `Result` may be an `Err` variant, which should be handled
Nov 30 21:38:26.879 INFO [stderr] 
Nov 30 21:38:29.470 INFO [stderr]     Finished dev [unoptimized + debuginfo] target(s) in 4.82s
Nov 30 21:38:29.474 INFO [stderr] su: No module specific data is present
Nov 30 21:38:30.555 INFO running `"docker" "inspect" "cacb969c28ee71b691207a5dff28af95cfacbb1610207b182ba193255bd171e1"`
Nov 30 21:38:30.946 INFO running `"docker" "rm" "-f" "cacb969c28ee71b691207a5dff28af95cfacbb1610207b182ba193255bd171e1"`
Nov 30 21:38:31.335 INFO [stdout] cacb969c28ee71b691207a5dff28af95cfacbb1610207b182ba193255bd171e1
Nov 30 21:38:31.345 INFO running `"docker" "create" "-v" "/mnt/big/crater/work/local/target-dirs/beta-1.31-5/worker-4/master#8940af3cea4a9a9deabcaf843b2f8cad9a83fc61:/target:rw,Z" "-v" "/mnt/big/crater/work/local/test-source/worker-4/beta-1.31-5/master#8940af3cea4a9a9deabcaf843b2f8cad9a83fc61:/source:ro,Z" "-v" "/mnt/big/crater/work/local/cargo-home:/cargo-home:ro,Z" "-v" "/mnt/big/crater/work/local/rustup-home:/rustup-home:ro,Z" "-e" "USER_ID=1000" "-e" "SOURCE_DIR=/source" "-e" "USER_ID=1000" "-e" "CMD=cargo +8940af3cea4a9a9deabcaf843b2f8cad9a83fc61-alt test --frozen --no-run" "-e" "CARGO_TARGET_DIR=/target" "-e" "CARGO_INCREMENTAL=0" "-e" "RUST_BACKTRACE=full" "-e" "RUSTFLAGS=--cap-lints=warn" "-e" "CARGO_HOME=/cargo-home" "-e" "RUSTUP_HOME=/rustup-home" "-m" "1536M" "--network" "none" "crater"`
Nov 30 21:38:31.800 INFO [stdout] a57c6881e870808467e96244d6ffd76b96cab5f461b55dde5f3dd92e9163057e
Nov 30 21:38:31.802 INFO running `"docker" "start" "-a" "a57c6881e870808467e96244d6ffd76b96cab5f461b55dde5f3dd92e9163057e"`
Nov 30 21:38:33.503 INFO [stderr] usermod: no changes
Nov 30 21:38:33.623 INFO [stderr]    Compiling rraf v1.0.1 (/source)
Nov 30 21:38:33.995 INFO [stderr] warning: unused import: `std::str::FromStr`
Nov 30 21:38:33.995 INFO [stderr]  --> src/winhandle.rs:4:5
Nov 30 21:38:33.995 INFO [stderr]   |
Nov 30 21:38:33.995 INFO [stderr] 4 | use std::str::FromStr;
Nov 30 21:38:33.995 INFO [stderr]   |     ^^^^^^^^^^^^^^^^^
Nov 30 21:38:33.995 INFO [stderr]   |
Nov 30 21:38:33.995 INFO [stderr]   = note: #[warn(unused_imports)] on by default
Nov 30 21:38:33.995 INFO [stderr] 
Nov 30 21:38:34.215 INFO [stderr] warning: unused variable: `o`
Nov 30 21:38:34.216 INFO [stderr]   --> src/winhandle.rs:16:7
Nov 30 21:38:34.216 INFO [stderr]    |
Nov 30 21:38:34.216 INFO [stderr] 16 |         let o = Command::new("handle")
Nov 30 21:38:34.216 INFO [stderr]    |             ^ help: consider using `_o` instead
Nov 30 21:38:34.217 INFO [stderr]    |
Nov 30 21:38:34.227 INFO [stderr]    = note: #[warn(unused_variables)] on by default
Nov 30 21:38:34.228 INFO [stderr] 
Nov 30 21:38:34.267 INFO [stderr] warning: field is never used: `file_name`
Nov 30 21:38:34.268 INFO [stderr]   --> src/winhandle.rs:10:2
Nov 30 21:38:34.268 INFO [stderr]    |
Nov 30 21:38:34.268 INFO [stderr] 10 |     file_name: String
Nov 30 21:38:34.269 INFO [stderr]    |     ^^^^^^^^^^^^^^^^^
Nov 30 21:38:34.269 INFO [stderr]    |
Nov 30 21:38:34.269 INFO [stderr]    = note: #[warn(dead_code)] on by default
Nov 30 21:38:34.269 INFO [stderr] 
Nov 30 21:38:34.270 INFO [stderr] warning: function is never used: `dump_named_captures`
Nov 30 21:38:34.270 INFO [stderr]   --> src/winhandle.rs:29:1
Nov 30 21:38:34.270 INFO [stderr]    |
Nov 30 21:38:34.271 INFO [stderr] 29 | fn dump_named_captures(cs: &Captures) {
Nov 30 21:38:34.271 INFO [stderr]    | ^^^^^^^^^^^^^^^^^^^^^^^^^^^^^^^^^^^^^
Nov 30 21:38:34.271 INFO [stderr] 
Nov 30 21:38:34.279 INFO [stderr] warning: unused `std::result::Result` that must be used
Nov 30 21:38:34.279 INFO [stderr]    --> src/main.rs:157:13
Nov 30 21:38:34.280 INFO [stderr]     |
Nov 30 21:38:34.280 INFO [stderr] 157 |             fs::remove_dir_all(path);
Nov 30 21:38:34.280 INFO [stderr]     |             ^^^^^^^^^^^^^^^^^^^^^^^^^
Nov 30 21:38:34.281 INFO [stderr]     |
Nov 30 21:38:34.281 INFO [stderr]     = note: #[warn(unused_must_use)] on by default
Nov 30 21:38:34.281 INFO [stderr]     = note: this `Result` may be an `Err` variant, which should be handled
Nov 30 21:38:34.281 INFO [stderr] 
Nov 30 21:38:35.623 INFO [stderr]     Finished dev [unoptimized + debuginfo] target(s) in 2.10s
Nov 30 21:38:35.631 INFO [stderr] su: No module specific data is present
Nov 30 21:38:37.212 INFO running `"docker" "inspect" "a57c6881e870808467e96244d6ffd76b96cab5f461b55dde5f3dd92e9163057e"`
Nov 30 21:38:37.579 INFO running `"docker" "rm" "-f" "a57c6881e870808467e96244d6ffd76b96cab5f461b55dde5f3dd92e9163057e"`
Nov 30 21:38:37.947 INFO [stdout] a57c6881e870808467e96244d6ffd76b96cab5f461b55dde5f3dd92e9163057e
Nov 30 21:38:37.957 INFO running `"docker" "create" "-v" "/mnt/big/crater/work/local/target-dirs/beta-1.31-5/worker-4/master#8940af3cea4a9a9deabcaf843b2f8cad9a83fc61:/target:rw,Z" "-v" "/mnt/big/crater/work/local/test-source/worker-4/beta-1.31-5/master#8940af3cea4a9a9deabcaf843b2f8cad9a83fc61:/source:ro,Z" "-v" "/mnt/big/crater/work/local/cargo-home:/cargo-home:ro,Z" "-v" "/mnt/big/crater/work/local/rustup-home:/rustup-home:ro,Z" "-e" "USER_ID=1000" "-e" "SOURCE_DIR=/source" "-e" "USER_ID=1000" "-e" "CMD=cargo +8940af3cea4a9a9deabcaf843b2f8cad9a83fc61-alt test --frozen" "-e" "CARGO_TARGET_DIR=/target" "-e" "CARGO_INCREMENTAL=0" "-e" "RUST_BACKTRACE=full" "-e" "RUSTFLAGS=--cap-lints=warn" "-e" "CARGO_HOME=/cargo-home" "-e" "RUSTUP_HOME=/rustup-home" "-m" "1536M" "--network" "none" "crater"`
Nov 30 21:38:38.524 INFO [stdout] 346ba6d6dcb34dcb59bea94e3216b4865dd83acb9ffb6eee9dd186e06e08b03c
Nov 30 21:38:38.527 INFO running `"docker" "start" "-a" "346ba6d6dcb34dcb59bea94e3216b4865dd83acb9ffb6eee9dd186e06e08b03c"`
Nov 30 21:38:41.382 INFO [stderr] usermod: no changes
Nov 30 21:38:41.527 INFO [stderr]     Finished dev [unoptimized + debuginfo] target(s) in 0.12s
Nov 30 21:38:41.529 INFO [stderr]      Running /target/debug/deps/rraf-86fb22840676b8b5
Nov 30 21:38:41.532 INFO [stdout] 
Nov 30 21:38:41.532 INFO [stdout] running 2 tests
Nov 30 21:38:41.535 INFO [stdout] test futil::abspath_root ... ok
Nov 30 21:38:41.581 INFO [stdout] test futil::arg_globs ... FAILED
Nov 30 21:38:41.581 INFO [stdout] 
Nov 30 21:38:41.582 INFO [stdout] failures:
Nov 30 21:38:41.583 INFO [stdout] 
Nov 30 21:38:41.583 INFO [stdout] ---- futil::arg_globs stdout ----
Nov 30 21:38:41.583 INFO [stdout] rraf: warning: no files matching pattern 'hello'
Nov 30 21:38:41.583 INFO [stdout] rraf: warning: no files matching pattern 'world'
Nov 30 21:38:41.583 INFO [stdout] rraf: warning: no files matching pattern 'c:/Users/*'
Nov 30 21:38:41.583 INFO [stdout] thread 'futil::arg_globs' panicked at 'assertion failed: matches.len() > 0', src/futil.rs:84:9
Nov 30 21:38:41.583 INFO [stdout] stack backtrace:
Nov 30 21:38:41.583 INFO [stdout]    0:     0x56003e3c548f - std::sys::unix::backtrace::tracing::imp::unwind_backtrace::h3a8b83e1922cbdde
Nov 30 21:38:41.583 INFO [stdout]                                at libstd/sys/unix/backtrace/tracing/gcc_s.rs:49
Nov 30 21:38:41.583 INFO [stdout]    1:     0x56003e3ce507 - std::sys_common::backtrace::print::h00d3155a29b4020f
Nov 30 21:38:41.583 INFO [stdout]                                at libstd/sys_common/backtrace.rs:71
Nov 30 21:38:41.583 INFO [stdout]                                at libstd/sys_common/backtrace.rs:59
Nov 30 21:38:41.583 INFO [stdout]    2:     0x56003e3c91ef - std::panicking::default_hook::{{closure}}::hd7465c742e79e1bb
Nov 30 21:38:41.583 INFO [stdout]                                at libstd/panicking.rs:211
Nov 30 21:38:41.583 INFO [stdout]    3:     0x56003e3c8eee - std::panicking::default_hook::h9e3966f2aa2a6e12
Nov 30 21:38:41.583 INFO [stdout]                                at libstd/panicking.rs:221
Nov 30 21:38:41.583 INFO [stdout]    4:     0x56003e3c98ce - std::panicking::rust_panic_with_hook::h587f091ae747d080
Nov 30 21:38:41.583 INFO [stdout]                                at libstd/panicking.rs:476
Nov 30 21:38:41.583 INFO [stdout]    5:     0x56003e3b3cc7 - std::panicking::begin_panic::h7667da841e016873
Nov 30 21:38:41.583 INFO [stdout]                                at libstd/panicking.rs:410
Nov 30 21:38:41.583 INFO [stdout]    6:     0x56003e340e61 - rraf::futil::arg_globs::h6a1b61bb960a692b
Nov 30 21:38:41.583 INFO [stdout]                                at src/futil.rs:84
Nov 30 21:38:41.583 INFO [stdout]    7:     0x56003e340d29 - rraf::futil::arg_globs::{{closure}}::heb8eaf5bfe337e36
Nov 30 21:38:41.583 INFO [stdout]                                at src/futil.rs:77
Nov 30 21:38:41.583 INFO [stdout]    8:     0x56003e340f3d - core::ops::function::FnOnce::call_once::h679f8d2e93feb0bd
Nov 30 21:38:41.583 INFO [stdout]                                at libcore/ops/function.rs:238
Nov 30 21:38:41.583 INFO [stdout]    9:     0x56003e34411e - <F as alloc::boxed::FnBox<A>>::call_box::hac903f91577a156c
Nov 30 21:38:41.583 INFO [stdout]                                at libtest/lib.rs:1468
Nov 30 21:38:41.583 INFO [stdout]                                at libcore/ops/function.rs:238
Nov 30 21:38:41.583 INFO [stdout]                                at liballoc/boxed.rs:672
Nov 30 21:38:41.583 INFO [stdout]   10:     0x56003e3d94b9 - __rust_maybe_catch_panic
Nov 30 21:38:41.583 INFO [stdout]                                at libpanic_unwind/lib.rs:102
Nov 30 21:38:41.583 INFO [stdout]   11:     0x56003e365d72 - std::sys_common::backtrace::__rust_begin_short_backtrace::hb8f0d0309526c184
Nov 30 21:38:41.583 INFO [stdout]                                at libstd/panicking.rs:289
Nov 30 21:38:41.583 INFO [stdout]                                at libstd/panic.rs:392
Nov 30 21:38:41.583 INFO [stdout]                                at libtest/lib.rs:1423
Nov 30 21:38:41.583 INFO [stdout]                                at libstd/sys_common/backtrace.rs:136
Nov 30 21:38:41.583 INFO [stdout]   12:     0x56003e366824 - std::panicking::try::do_call::hc2f7c8b9a348d8db
Nov 30 21:38:41.583 INFO [stdout]                                at libstd/thread/mod.rs:409
Nov 30 21:38:41.583 INFO [stdout]                                at libstd/panic.rs:313
Nov 30 21:38:41.583 INFO [stdout]                                at libstd/panicking.rs:310
Nov 30 21:38:41.583 INFO [stdout]   13:     0x56003e3d94b9 - __rust_maybe_catch_panic
Nov 30 21:38:41.583 INFO [stdout]                                at libpanic_unwind/lib.rs:102
Nov 30 21:38:41.583 INFO [stdout]   14:     0x56003e353a5c - <F as alloc::boxed::FnBox<A>>::call_box::h6bfded618e480b32
Nov 30 21:38:41.583 INFO [stdout]                                at libstd/panicking.rs:289
Nov 30 21:38:41.583 INFO [stdout]                                at libstd/panic.rs:392
Nov 30 21:38:41.583 INFO [stdout]                                at libstd/thread/mod.rs:408
Nov 30 21:38:41.583 INFO [stdout]                                at liballoc/boxed.rs:672
Nov 30 21:38:41.583 INFO [stdout]   15:     0x56003e3c70cd - std::sys_common::thread::start_thread::h4c28257d67cdf9cb
Nov 30 21:38:41.583 INFO [stdout]                                at liballoc/boxed.rs:682
Nov 30 21:38:41.584 INFO [stdout]                                at libstd/sys_common/thread.rs:24
Nov 30 21:38:41.584 INFO [stdout]   16:     0x56003e3bbe35 - std::sys::unix::thread::Thread::new::thread_start::hfecb2e7eff8fd34f
Nov 30 21:38:41.584 INFO [stdout]                                at libstd/sys/unix/thread.rs:90
Nov 30 21:38:41.584 INFO [stdout]   17:     0x7fbaa86b56b9 - start_thread
Nov 30 21:38:41.584 INFO [stdout]   18:     0x7fbaa81d541c - clone
Nov 30 21:38:41.584 INFO [stdout]   19:                0x0 - <unknown>
Nov 30 21:38:41.584 INFO [stdout] 
Nov 30 21:38:41.584 INFO [stdout] 
Nov 30 21:38:41.584 INFO [stdout] failures:
Nov 30 21:38:41.584 INFO [stdout]     futil::arg_globs
Nov 30 21:38:41.584 INFO [stdout] 
Nov 30 21:38:41.584 INFO [stdout] test result: FAILED. 1 passed; 1 failed; 0 ignored; 0 measured; 0 filtered out
Nov 30 21:38:41.584 INFO [stdout] 
Nov 30 21:38:41.596 INFO [stderr] error: test failed, to rerun pass '--bin rraf'
Nov 30 21:38:41.597 INFO [stderr] su: No module specific data is present
Nov 30 21:38:43.090 INFO running `"docker" "inspect" "346ba6d6dcb34dcb59bea94e3216b4865dd83acb9ffb6eee9dd186e06e08b03c"`
Nov 30 21:38:43.433 INFO running `"docker" "rm" "-f" "346ba6d6dcb34dcb59bea94e3216b4865dd83acb9ffb6eee9dd186e06e08b03c"`
Nov 30 21:38:43.799 INFO [stdout] 346ba6d6dcb34dcb59bea94e3216b4865dd83acb9ffb6eee9dd186e06e08b03c
